Let x(o) = 5*o**2 - 5*o - 43. Calculate the remainder when x(9) is divided by 81.
74
Let s(b) = 2*b + 2. Let t be s(-1). Suppose 3*v + 5*h - 99 = -32, t = -2*h + 10. Calculate the remainder when 55 is divided by v.
13
Let k(i) = 36*i + 621. Let z(s) = -23*s. Calculate the remainder when z(-1) is divided by k(-17).
5
Let c = 99 - 76. Let l(w) = 0 - 4*w - 1 + 0. What is the remainder when l(-11) is divided by c?
20
Suppose -3 = -k + 10. Calculate the remainder when 48 is divided by k.
9
Let h(z) = z**2 + 9*z + 8. Let m be h(-6). What is the remainder when 27 is divided by (-166)/m + 6/15?
10
Let d(n) = 4*n**3 - 2*n + 3. Let m = -1 + 3. Let w be d(m). Let f = w - 14. Calculate the remainder when 31 is divided by f.
14
Suppose -a + 25 = -118. Suppose 3*f = 5*j + 101, 0*f - 2*j = -5*f + a. Suppose 0 = t - f + 2. What is the remainder when t is divided by 9?
7
Let t(z) = 5*z + 1. Let p be t(12). Suppose 4*q + 5 = p. What is the remainder when q is divided by 9?
5
Let q(r) = 81*r**2 + r. Let j(x) = -163*x**2 - 3*x + 1. Let s(h) = -6*j(h) - 11*q(h). What is the remainder when s(1) is divided by 23?
19
Calculate the remainder when 49 is divided by 126/35 - (12/5)/4.
1
Let x(p) = -11*p - 3*p**2 + 12 + 5*p + 4*p**2. Calculate the remainder when x(8) is divided by 15.
13
Let x = -1086 + 1092. What is the remainder when 425 is divided by x?
5
Let j be 15/6*2/(-15)*-9. Suppose -r - 3*t = -j, 2*r + t = 6*t + 6. Calculate the remainder when 3 is divided by r.
0
Let k = -302 + 565. Suppose -2*u + 112 = -2*g - g, 5*u = -g + k. Calculate the remainder when 317 is divided by u.
52
Let d be (1*20)/4 - 3. Let y(g) = 2*g**3 - g + 4*g**2 - 3 + g**d - 3*g**3. What is the remainder when 17 is divided by y(4)?
8
Suppose 2*m - 90 = 2*o, -3*m + 4*m - 5*o = 57. What is the remainder when m is divided by 15 - 4/(-1) - (-13)/(52/(-32))?
9
Suppose 0 = -4*g - 4*y + 40, 11*y - 15*y - 65 = -3*g. What is the remainder when 26 is divided by g?
11
Let r = -207 + 232. Calculate the remainder when 192 is divided by r.
17
Let k = -26 + 28. Suppose 3*p + p - k*x = 32, 3*x - 42 = -3*p. What is the remainder when 22 is divided by p?
2
Suppose 0 = 5*q - 0*q, q = -o + 42. Let g be 1*-3 + (-8)/(40/(-15)). Suppose 5*v = 2*v - 9, g = -f + v + 14. What is the remainder when o is divided by f?
9
Suppose 96*a - 104*a + 512 = 0. What is the remainder when a is divided by 13?
12
Suppose 0 = -7*n + 124 - 33. What is the remainder when 142 is divided by n?
12
Let g = -17 - -19. Suppose 11*d - 27 = g*d. Calculate the remainder when 16 is divided by d.
1
Suppose 144 = 13*v + 3*v. What is the remainder when 1 + (-32)/(-5 - -3) is divided by v?
8
Let x = 130 + -92. What is the remainder when 265 is divided by x?
37
Let g(w) = w**3 + 7*w**2 - 9*w - 2. Let j be g(-8). Calculate the remainder when j/33 - (-93)/33 is divided by 3.
0
Let t = 993 + -973. What is the remainder when 229 is divided by t?
9
Let a = 58 + -13. Let c(s) = -s**3 + 12*s**2 - 11*s + 12. What is the remainder when a is divided by c(11)?
9
Suppose 0 = -3*o - 4*b + 138, o = 4*o - 4*b - 162. Let y = 43 + -67. Let l = 37 + y. Calculate the remainder when o is divided by l.
11
Let s = 340 - 301. Calculate the remainder when 1089 is divided by s.
36
Let x = -332 + 389. Calculate the remainder when x is divided by 29.
28
Let s be ((-27 - -2) + -2)*8/(-12). Suppose -h + 2 = -3*w, -w + 8 = 5*h - s. Calculate the remainder when 3 is divided by w.
0
Let h(r) = 5*r**3 + r**2 - 9*r - 20. Calculate the remainder when h(3) is divided by 4.
1
Let d = -1198 - -1329. Calculate the remainder when d is divided by 5.
1
Let n be ((-27)/15)/((-5)/25). Let u = n - 19. What is the remainder when ((-4)/6)/(u/255) is divided by 10?
7
Let d(u) = -u + 5. Let g be d(-4). Suppose -3*p + 3*h = g + 6, -4*p - 3*h = -15. What is the remainder when 2 - (2 + p)*-12 is divided by 7?
5
Let l = -254 + 315. Calculate the remainder when 119 is divided by l.
58
Let q = 6 - 78. Let n = q - -104. Calculate the remainder when n is divided by 18.
14
Suppose m - 5 = 3. Let k = -11 + m. What is the remainder when 22/8*(k + 11) is divided by 8?
6
Let k be (-142)/(-3) + 8/12. Suppose r - 3*a = 19, -k = -4*r - a - a. Let o = r + 10. What is the remainder when 68 is divided by o?
22
Let j(d) = -68*d + 154. Let t(a) = 22*a - 51. Let v(f) = 3*j(f) + 8*t(f). What is the remainder when v(-6) is divided by 15?
12
Suppose 6 = 3*u - 0*u. Suppose u*t + 5*f = -11, -f = -5*t - 4*f + 1. Suppose 0 = 229*p - 252*p + 23. Calculate the remainder when t is divided by p.
0
Let o = -47 + 37. Let t(g) = g**3 + 10*g**2 - 7*g - 22. What is the remainder when t(o) is divided by 18?
12
Suppose -7*u + 59 = 10. Calculate the remainder when 158 is divided by u.
4
Suppose 0 = -13*y + 67 + 1051. Calculate the remainder when 279 is divided by y.
21
Suppose -3*o = -2*w - 14, 5*o + 5*w - 6*w - 35 = 0. Calculate the remainder when 26 is divided by o.
2
Suppose 3*v + 19 + 346 = y, -5*v = 5*y - 1865. What is the remainder when y is divided by 117?
20
Calculate the remainder when 249 is divided by (18/8)/(292/32 - 9).
15
Suppose -w = 470 - 505. What is the remainder when 138 is divided by w?
33
Let l(o) = o**3 + 9*o**2 + 7*o + 1. Suppose -2*z - 3*z - 4*t = -186, -3*z + t + 98 = 0. What is the remainder when z is divided by l(-8)?
7
Suppose o + 5*s + 21 = 0, -3*o + 5*s - 9*s - 118 = 0. Let p = o + 69. What is the remainder when p is divided by 12?
11
Calculate the remainder when 52 is divided by (-78)/(-104) - (-132)/16.
7
Suppose 3*o + 3*b = 21, 0 = -2*o - 0*b + 5*b + 42. Let w = -6 - -8. Calculate the remainder when 18 is divided by w/11 + 53/o.
3
Let g = 96 + -93. Suppose 3*w = -2*b - 48 + 141, -g*b - w + 150 = 0. Calculate the remainder when b is divided by 18.
15
Let n = 570 + -421. What is the remainder when 287 is divided by n?
138
Let c(j) = 2*j**2 + 41. Let u be c(0). Suppose -u = -v + 3*p, 0 = -7*v + 6*v + 2*p + 38. Calculate the remainder when 95 is divided by v.
31
Suppose 29 = 2*t - 5*m, -2*m - 3 = m. Let o = 51 - 101. Let u = o + 84. Calculate the remainder when u is divided by t.
10
Let b = 51 + -48. Suppose -o + 0*o + 2*u - 4 = 0, -b*o - 2*u = -20. What is the remainder when o is divided by 3?
1
What is the remainder when ((-1070)/(-4))/((-5)/(-2)) is divided by 19?
12
Let k be 2*(3 - 3/2). Suppose -2*o + 6 = -z + 3*o, -2*z + 16 = -k*o. Calculate the remainder when 0 - ((-1 - 56) + 2) is divided by z.
13
Suppose 9*z = 13 + 131. What is the remainder when 119 is divided by z?
7
Let u(v) = -6 + 0*v - 3*v + 1. Let o = -49 + 45. What is the remainder when u(o) is divided by 3?
1
Let b(k) = 121*k**2 + 526*k + 526. Suppose -5*s - 3*l + 304 = -6*l, -2*s + 4*l = -116. Calculate the remainder when b(-1) is divided by s.
59
Let q(f) = f**3 + 38*f**2 - 44*f - 175. What is the remainder when 37 is divided by q(-39)?
17
Suppose -26*m + 17*m + 198 = 0. Calculate the remainder when 152 is divided by m.
20
Suppose 0*d = -2*d + 10. What is the remainder when 55 is divided by (-1)/d + (-71)/(-5)?
13
Suppose a + 4*u = 11, 6*a - 32 = a + 3*u. Suppose v - 78 - a = 0. What is the remainder when v is divided by 22?
19
Let c be (1/1*0)/(-2). Let y(d) = -3*d - 80 + 97 + 2*d. Calculate the remainder when 67 is divided by y(c).
16
Let x(b) = 80*b + 974. What is the remainder when 70 is divided by x(-12)?
0
Suppose 3*s - 4*o = 496 + 1488, 0 = 3*s - 3*o - 1986. Let b be (-18)/99 + s/22. Let u = b - 17. Calculate the remainder when u is divided by 9.
4
What is the remainder when 57 is divided by 123/9 + 14/(-21)?
5
What is the remainder when 852 is divided by 20/(-35) - 1612/(-28)?
54
Let c(y) be the second derivative of y**5/20 - 5*y**4/6 - 7*y**3/6 - 13*y**2/2 - 26*y. What is the remainder when c(11) is divided by 17?
14
Let g(f) = -f**3 - 3*f**2 - 5. Calculate the remainder when -3*14/(-21) + 28 is divided by g(-4).
8
Suppose -5*v - 5*g = -3685, 2*g = -3*v + 1524 + 689. Calculate the remainder when v is divided by 53.
50
Let y(a) = -6*a + 26. Let h be y(12). Let s = h - -54. Calculate the remainder when 54 is divided by s.
6
Let t = -180 + 237. Let b = -13 + 43. Calculate the remainder when t is divided by b.
27
What is the remainder when ((-142)/426)/(1/(-771)) is divided by 82?
11
Let a = 12 - -3. Let q(h) = 2*h**2 - 2*h + 5. C